{"id":7290,"date":"2020-11-28T17:36:09","date_gmt":"2020-11-28T16:36:09","guid":{"rendered":"https:\/\/moeckernkiez.org\/?page_id=7290"},"modified":"2021-09-12T14:53:57","modified_gmt":"2021-09-12T12:53:57","slug":"druckseite","status":"publish","type":"page","link":"https:\/\/moeckernkiez.org\/?page_id=7290","title":{"rendered":"M\u00f6ckernkiez Blog &#8211; die Woche"},"content":{"rendered":"\n<h1 class=\"has-text-align-center wp-block-heading\" style=\"font-size:50px\">www.moeckernkiez.org<\/h1>\n\n\n\n<div style=\"height:20px\" aria-hidden=\"true\" class=\"wp-block-spacer\"><\/div>\n\n\n<div id='Ausdruck' class='widgets_on_page wop_tiny1  wop_small1  wop_medium1  wop_large1  wop_wide1'>\n\t\t\t<ul><li id=\"ct_mission_news_post_list-27\" class=\"widget widget_ct_mission_news_post_list\"><div class=\"style-1\"><h2 class=\"widgettitle\">aaa<\/h2><ul><li class=\"post-item has-image\"><div class=\"top\"><div class=\"featured-image\"><a href=\"https:\/\/moeckernkiez.org\/?p=19972\">Open Heart @ Park am Gleisdreieck<img loading=\"lazy\" decoding=\"async\" width=\"350\" height=\"225\" src=\"https:\/\/moeckernkiez.org\/wp-content\/uploads\/2024\/09\/openheart-350x225.jpg\" class=\"attachment-medium size-medium wp-post-image\" alt=\"Bild: TheBloodBrainBarrier and Slugolab\" srcset=\"https:\/\/moeckernkiez.org\/wp-content\/uploads\/2024\/09\/openheart-350x225.jpg 350w, https:\/\/moeckernkiez.org\/wp-content\/uploads\/2024\/09\/openheart-768x493.jpg 768w, https:\/\/moeckernkiez.org\/wp-content\/uploads\/2024\/09\/openheart-640x411.jpg 640w, https:\/\/moeckernkiez.org\/wp-content\/uploads\/2024\/09\/openheart.jpg 1024w\" sizes=\"auto, (max-width: 350px) 100vw, 350px\" \/><\/a><\/div><div class=\"top-inner\"><a href=\"https:\/\/moeckernkiez.org\/?p=19972\" class=\"title\">Open Heart @ Park am Gleisdreieck<\/a><div class=\"post-byline\">Von MB am 12. September 2024 | <p class=\"post-categories\"><a href=\"https:\/\/moeckernkiez.org\/?cat=100\" title=\"Siehe alle Beitr\u00e4ge in Druckbeitraege\">Druckbeitraege<\/a>, <a href=\"https:\/\/moeckernkiez.org\/?cat=99\" title=\"Siehe alle Beitr\u00e4ge in Druckkopf\">Druckkopf<\/a>, <a href=\"https:\/\/moeckernkiez.org\/?cat=7\" title=\"Siehe alle Beitr\u00e4ge in Kreuzberg\">Kreuzberg<\/a>, <a href=\"https:\/\/moeckernkiez.org\/?cat=105\" title=\"Siehe alle Beitr\u00e4ge in Ostpark\">Ostpark<\/a>, <a href=\"https:\/\/moeckernkiez.org\/?cat=103\" title=\"Siehe alle Beitr\u00e4ge in Park\">Park<\/a> und <a href=\"https:\/\/moeckernkiez.org\/?cat=97\" title=\"Siehe alle Beitr\u00e4ge in Streetart\">Streetart<\/a><\/p><\/div><ul class=\"post-categories\">\n\t<li><a href=\"https:\/\/moeckernkiez.org\/?cat=100\" rel=\"category\">Druckbeitraege<\/a><\/li>\n\t<li><a href=\"https:\/\/moeckernkiez.org\/?cat=99\" rel=\"category\">Druckkopf<\/a><\/li>\n\t<li><a href=\"https:\/\/moeckernkiez.org\/?cat=7\" rel=\"category\">Kreuzberg<\/a><\/li>\n\t<li><a href=\"https:\/\/moeckernkiez.org\/?cat=105\" rel=\"category\">Ostpark<\/a><\/li>\n\t<li><a href=\"https:\/\/moeckernkiez.org\/?cat=103\" rel=\"category\">Park<\/a><\/li>\n\t<li><a href=\"https:\/\/moeckernkiez.org\/?cat=97\" rel=\"category\">Streetart<\/a><\/li><\/ul><\/div><\/div><div class=\"bottom\"><div class=\"excerpt\">\u201eOpen Heart\u201c ist eine 3,5 Meter hohe Skulptur, gegossen aus 1000 kg Zucker. Die Skulptur ist in einer Acrylglas-Stahlbox untergebracht, mit einer Klimaanlage \/ Entfeuchter,...<\/div><span class=\"comments-link\">\n\t<a href=\"https:\/\/moeckernkiez.org\/?p=19972#respond\">\n\t<i class=\"far fa-comment\" title=\"Kommentar-Symbol\"><\/i>\n\t\tKommentare deaktiviert\t<\/a>\n<\/span><\/div><\/li><\/ul><\/div><\/li><li id=\"ct_mission_news_post_list-28\" class=\"widget widget_ct_mission_news_post_list\"><div class=\"style-2\"><ul><li class=\"post-item has-image\"><div class=\"top\"><div class=\"featured-image\"><a href=\"https:\/\/moeckernkiez.org\/?p=20444\">Kritik am Sommerfest im M\u00f6ckernkiez \u2013 niemand ist verantwortlich?<img loading=\"lazy\" decoding=\"async\" width=\"350\" height=\"233\" src=\"https:\/\/moeckernkiez.org\/wp-content\/uploads\/2025\/07\/grafik-1-350x233.png\" class=\"attachment-medium size-medium wp-post-image\" alt=\"M\u00f6ckernkiez Sommerfest 2025\" srcset=\"https:\/\/moeckernkiez.org\/wp-content\/uploads\/2025\/07\/grafik-1-350x233.png 350w, https:\/\/moeckernkiez.org\/wp-content\/uploads\/2025\/07\/grafik-1-768x512.png 768w, https:\/\/moeckernkiez.org\/wp-content\/uploads\/2025\/07\/grafik-1-300x200.png 300w, https:\/\/moeckernkiez.org\/wp-content\/uploads\/2025\/07\/grafik-1-640x427.png 640w, https:\/\/moeckernkiez.org\/wp-content\/uploads\/2025\/07\/grafik-1.png 1024w\" sizes=\"auto, (max-width: 350px) 100vw, 350px\" \/><\/a><\/div><div class=\"top-inner\"><a href=\"https:\/\/moeckernkiez.org\/?p=20444\" class=\"title\">Kritik am Sommerfest im M\u00f6ckernkiez \u2013 niemand ist verantwortlich?<\/a><div class=\"post-byline\">Von mbr am 19. Juli 2025 | <p class=\"post-categories\"><a href=\"https:\/\/moeckernkiez.org\/?cat=100\" title=\"Siehe alle Beitr\u00e4ge in Druckbeitraege\">Druckbeitraege<\/a>, <a href=\"https:\/\/moeckernkiez.org\/?cat=43\" title=\"Siehe alle Beitr\u00e4ge in Kultur, Film und Ausstellung\">Kultur, Film und Ausstellung<\/a> und <a href=\"https:\/\/moeckernkiez.org\/?cat=5\" title=\"Siehe alle Beitr\u00e4ge in M\u00f6ckernkiez\">M\u00f6ckernkiez<\/a><\/p><\/div><ul class=\"post-categories\">\n\t<li><a href=\"https:\/\/moeckernkiez.org\/?cat=100\" rel=\"category\">Druckbeitraege<\/a><\/li>\n\t<li><a href=\"https:\/\/moeckernkiez.org\/?cat=43\" rel=\"category\">Kultur, Film und Ausstellung<\/a><\/li>\n\t<li><a href=\"https:\/\/moeckernkiez.org\/?cat=5\" rel=\"category\">M\u00f6ckernkiez<\/a><\/li><\/ul><\/div><\/div><div class=\"bottom\"><div class=\"excerpt\">Schwere Kritik an schlechter Hygiene, technisch unsicheren Ger\u00e4ten, Missachtung des Jugendschutzes und Versto\u00df gegen das Landesimmissionsschutzgesetz?<\/div><span class=\"comments-link\">\n\t<a href=\"https:\/\/moeckernkiez.org\/?p=20444#respond\">\n\t<i class=\"far fa-comment\" title=\"Kommentar-Symbol\"><\/i>\n\t\tKommentare deaktiviert\t<\/a>\n<\/span><\/div><\/li><li class=\"post-item has-image\"><div class=\"top\"><div class=\"featured-image\"><a href=\"https:\/\/moeckernkiez.org\/?p=20431\">Programm &#8211; M\u00f6ckernkiez Sommerfest 2025<img loading=\"lazy\" decoding=\"async\" width=\"350\" height=\"273\" src=\"https:\/\/moeckernkiez.org\/wp-content\/uploads\/2020\/08\/20-08-10-08-27-14-4082-3-350x273.jpg\" class=\"attachment-medium size-medium wp-post-image\" alt=\"\" srcset=\"https:\/\/moeckernkiez.org\/wp-content\/uploads\/2020\/08\/20-08-10-08-27-14-4082-3-350x273.jpg 350w, https:\/\/moeckernkiez.org\/wp-content\/uploads\/2020\/08\/20-08-10-08-27-14-4082-3-768x599.jpg 768w, https:\/\/moeckernkiez.org\/wp-content\/uploads\/2020\/08\/20-08-10-08-27-14-4082-3.jpg 1024w\" sizes=\"auto, (max-width: 350px) 100vw, 350px\" \/><\/a><\/div><div class=\"top-inner\"><a href=\"https:\/\/moeckernkiez.org\/?p=20431\" class=\"title\">Programm &#8211; M\u00f6ckernkiez Sommerfest 2025<\/a><div class=\"post-byline\">Von mbr am 5. Juli 2025 | <p class=\"post-categories\"><a href=\"https:\/\/moeckernkiez.org\/?cat=100\" title=\"Siehe alle Beitr\u00e4ge in Druckbeitraege\">Druckbeitraege<\/a>, <a href=\"https:\/\/moeckernkiez.org\/?cat=43\" title=\"Siehe alle Beitr\u00e4ge in Kultur, Film und Ausstellung\">Kultur, Film und Ausstellung<\/a> und <a href=\"https:\/\/moeckernkiez.org\/?cat=5\" title=\"Siehe alle Beitr\u00e4ge in M\u00f6ckernkiez\">M\u00f6ckernkiez<\/a><\/p><\/div><ul class=\"post-categories\">\n\t<li><a href=\"https:\/\/moeckernkiez.org\/?cat=100\" rel=\"category\">Druckbeitraege<\/a><\/li>\n\t<li><a href=\"https:\/\/moeckernkiez.org\/?cat=43\" rel=\"category\">Kultur, Film und Ausstellung<\/a><\/li>\n\t<li><a href=\"https:\/\/moeckernkiez.org\/?cat=5\" rel=\"category\">M\u00f6ckernkiez<\/a><\/li><\/ul><\/div><\/div><div class=\"bottom\"><div class=\"excerpt\">Kiezplatz15:00 Begr\u00fc\u00dfung 15:30 Peter Rinderle, Bossa-Musik 16:00 Kreist\u00e4nze aus verschiedenen L\u00e4ndern zum Mittanzen, Monika 16:30 Berliner AlpTraum (BAT) 17:00 Autoquartett 17:30 Pause \/ Der Werkraum...<\/div><span class=\"comments-link\">\n\t<a href=\"https:\/\/moeckernkiez.org\/?p=20431#respond\">\n\t<i class=\"far fa-comment\" title=\"Kommentar-Symbol\"><\/i>\n\t\tKommentare deaktiviert\t<\/a>\n<\/span><\/div><\/li><li class=\"post-item has-image\"><div class=\"top\"><div class=\"featured-image\"><a href=\"https:\/\/moeckernkiez.org\/?p=20437\">Swing Base 2025 \u2013 Tanzen unter freiem Himmel am Gleisdreieck<img loading=\"lazy\" decoding=\"async\" width=\"350\" height=\"233\" src=\"https:\/\/moeckernkiez.org\/wp-content\/uploads\/2025\/07\/grafik-350x233.png\" class=\"attachment-medium size-medium wp-post-image\" alt=\"Tanzendes Paar im Park\" srcset=\"https:\/\/moeckernkiez.org\/wp-content\/uploads\/2025\/07\/grafik-350x233.png 350w, https:\/\/moeckernkiez.org\/wp-content\/uploads\/2025\/07\/grafik-768x512.png 768w, https:\/\/moeckernkiez.org\/wp-content\/uploads\/2025\/07\/grafik-300x200.png 300w, https:\/\/moeckernkiez.org\/wp-content\/uploads\/2025\/07\/grafik-640x427.png 640w, https:\/\/moeckernkiez.org\/wp-content\/uploads\/2025\/07\/grafik.png 1024w\" sizes=\"auto, (max-width: 350px) 100vw, 350px\" \/><\/a><\/div><div class=\"top-inner\"><a href=\"https:\/\/moeckernkiez.org\/?p=20437\" class=\"title\">Swing Base 2025 \u2013 Tanzen unter freiem Himmel am Gleisdreieck<\/a><div class=\"post-byline\">Von MB am 4. Juli 2025 | <p class=\"post-categories\"><a href=\"https:\/\/moeckernkiez.org\/?cat=100\" title=\"Siehe alle Beitr\u00e4ge in Druckbeitraege\">Druckbeitraege<\/a><\/p><\/div><ul class=\"post-categories\">\n\t<li><a href=\"https:\/\/moeckernkiez.org\/?cat=100\" rel=\"category\">Druckbeitraege<\/a><\/li><\/ul><\/div><\/div><div class=\"bottom\"><div class=\"excerpt\">Jeden Dienstag vom 8. Juli bis 26. August 2025 | JULES B-Part am Gleisdreieck | Berlin Wenn der Sommer in Berlin Fahrt aufnimmt, wird der...<\/div><span class=\"comments-link\">\n\t<a href=\"https:\/\/moeckernkiez.org\/?p=20437#respond\">\n\t<i class=\"far fa-comment\" title=\"Kommentar-Symbol\"><\/i>\n\t\tKommentare deaktiviert\t<\/a>\n<\/span><\/div><\/li><li class=\"post-item has-image\"><div class=\"top\"><div class=\"featured-image\"><a href=\"https:\/\/moeckernkiez.org\/?p=20429\">M\u00f6ckernkiez Sommerfest 2025<img loading=\"lazy\" decoding=\"async\" width=\"350\" height=\"273\" src=\"https:\/\/moeckernkiez.org\/wp-content\/uploads\/2020\/08\/20-08-10-08-27-14-4082-3-350x273.jpg\" class=\"attachment-medium size-medium wp-post-image\" alt=\"\" srcset=\"https:\/\/moeckernkiez.org\/wp-content\/uploads\/2020\/08\/20-08-10-08-27-14-4082-3-350x273.jpg 350w, https:\/\/moeckernkiez.org\/wp-content\/uploads\/2020\/08\/20-08-10-08-27-14-4082-3-768x599.jpg 768w, https:\/\/moeckernkiez.org\/wp-content\/uploads\/2020\/08\/20-08-10-08-27-14-4082-3.jpg 1024w\" sizes=\"auto, (max-width: 350px) 100vw, 350px\" \/><\/a><\/div><div class=\"top-inner\"><a href=\"https:\/\/moeckernkiez.org\/?p=20429\" class=\"title\">M\u00f6ckernkiez Sommerfest 2025<\/a><div class=\"post-byline\">Von mbr am 4. Juli 2025 | <p class=\"post-categories\"><a href=\"https:\/\/moeckernkiez.org\/?cat=100\" title=\"Siehe alle Beitr\u00e4ge in Druckbeitraege\">Druckbeitraege<\/a>, <a href=\"https:\/\/moeckernkiez.org\/?cat=43\" title=\"Siehe alle Beitr\u00e4ge in Kultur, Film und Ausstellung\">Kultur, Film und Ausstellung<\/a> und <a href=\"https:\/\/moeckernkiez.org\/?cat=5\" title=\"Siehe alle Beitr\u00e4ge in M\u00f6ckernkiez\">M\u00f6ckernkiez<\/a><\/p><\/div><ul class=\"post-categories\">\n\t<li><a href=\"https:\/\/moeckernkiez.org\/?cat=100\" rel=\"category\">Druckbeitraege<\/a><\/li>\n\t<li><a href=\"https:\/\/moeckernkiez.org\/?cat=43\" rel=\"category\">Kultur, Film und Ausstellung<\/a><\/li>\n\t<li><a href=\"https:\/\/moeckernkiez.org\/?cat=5\" rel=\"category\">M\u00f6ckernkiez<\/a><\/li><\/ul><\/div><\/div><div class=\"bottom\"><div class=\"excerpt\">Direkt zum Programm &gt;&gt;&gt;Was als eine Vision gemeinschaftlichen Wohnens begann, hat sich \u00fcber die Jahre zu einem lebendigen und erfolgreichen Projekt entwickelt. Unsere Genossenschaft M\u00f6ckernkiez...<\/div><span class=\"comments-link\">\n\t<a href=\"https:\/\/moeckernkiez.org\/?p=20429#respond\">\n\t<i class=\"far fa-comment\" title=\"Kommentar-Symbol\"><\/i>\n\t\tKommentare deaktiviert\t<\/a>\n<\/span><\/div><\/li><li class=\"post-item has-image\"><div class=\"top\"><div class=\"featured-image\"><a href=\"https:\/\/moeckernkiez.org\/?p=20326\">Pizza Street Festival 2025 \u2013 Die besten Pizzen Berlins an einem Ort<img loading=\"lazy\" decoding=\"async\" width=\"350\" height=\"183\" src=\"https:\/\/moeckernkiez.org\/wp-content\/uploads\/2025\/06\/vb-30-420af538-833d-41b7-8a1e-c59771006b19.jpg-350x183.webp\" class=\"attachment-medium size-medium wp-post-image\" alt=\"\" srcset=\"https:\/\/moeckernkiez.org\/wp-content\/uploads\/2025\/06\/vb-30-420af538-833d-41b7-8a1e-c59771006b19.jpg-350x183.webp 350w, https:\/\/moeckernkiez.org\/wp-content\/uploads\/2025\/06\/vb-30-420af538-833d-41b7-8a1e-c59771006b19.jpg-768x402.webp 768w, https:\/\/moeckernkiez.org\/wp-content\/uploads\/2025\/06\/vb-30-420af538-833d-41b7-8a1e-c59771006b19.jpg-640x335.webp 640w, https:\/\/moeckernkiez.org\/wp-content\/uploads\/2025\/06\/vb-30-420af538-833d-41b7-8a1e-c59771006b19.jpg.webp 1024w\" sizes=\"auto, (max-width: 350px) 100vw, 350px\" \/><\/a><\/div><div class=\"top-inner\"><a href=\"https:\/\/moeckernkiez.org\/?p=20326\" class=\"title\">Pizza Street Festival 2025 \u2013 Die besten Pizzen Berlins an einem Ort<\/a><div class=\"post-byline\">Von MB am 3. Juli 2025 | <p class=\"post-categories\"><a href=\"https:\/\/moeckernkiez.org\/?cat=100\" title=\"Siehe alle Beitr\u00e4ge in Druckbeitraege\">Druckbeitraege<\/a><\/p><\/div><ul class=\"post-categories\">\n\t<li><a href=\"https:\/\/moeckernkiez.org\/?cat=100\" rel=\"category\">Druckbeitraege<\/a><\/li><\/ul><\/div><\/div><div class=\"bottom\"><div class=\"excerpt\">Am 12. und 13. Juli verwandelt sich der Jules B-Part im Gleisdreieck-Park in ein Pizza-Paradies: Beim Pizza Street Festival 2025 backen einige der besten Pizzerien...<\/div><span class=\"comments-link\">\n\t<a href=\"https:\/\/moeckernkiez.org\/?p=20326#respond\">\n\t<i class=\"far fa-comment\" title=\"Kommentar-Symbol\"><\/i>\n\t\tKommentare deaktiviert\t<\/a>\n<\/span><\/div><\/li><li class=\"post-item has-image\"><div class=\"top\"><div class=\"featured-image\"><a href=\"https:\/\/moeckernkiez.org\/?p=20413\">Kiez im Park<img loading=\"lazy\" decoding=\"async\" width=\"350\" height=\"263\" src=\"https:\/\/moeckernkiez.org\/wp-content\/uploads\/2025\/06\/image-350x263.jpg\" class=\"attachment-medium size-medium wp-post-image\" alt=\"\" srcset=\"https:\/\/moeckernkiez.org\/wp-content\/uploads\/2025\/06\/image-350x263.jpg 350w, https:\/\/moeckernkiez.org\/wp-content\/uploads\/2025\/06\/image-768x576.jpg 768w, https:\/\/moeckernkiez.org\/wp-content\/uploads\/2025\/06\/image-640x480.jpg 640w, https:\/\/moeckernkiez.org\/wp-content\/uploads\/2025\/06\/image.jpg 1024w\" sizes=\"auto, (max-width: 350px) 100vw, 350px\" \/><\/a><\/div><div class=\"top-inner\"><a href=\"https:\/\/moeckernkiez.org\/?p=20413\" class=\"title\">Kiez im Park<\/a><div class=\"post-byline\">Von mbr am 19. Juni 2025 | <p class=\"post-categories\"><a href=\"https:\/\/moeckernkiez.org\/?cat=100\" title=\"Siehe alle Beitr\u00e4ge in Druckbeitraege\">Druckbeitraege<\/a><\/p><\/div><ul class=\"post-categories\">\n\t<li><a href=\"https:\/\/moeckernkiez.org\/?cat=100\" rel=\"category\">Druckbeitraege<\/a><\/li><\/ul><\/div><\/div><div class=\"bottom\"><div class=\"excerpt\">Donnerstag, 19. Juni 2025 \u2013 14\u201318 UhrNatur-Spazierg\u00e4nge, Leierkasten, Kaffee und Kuchen, Plauder-B\u00e4nke, Bingo, Malen, gemeinsames Singen, Spielen und vieles mehrIm Pakr am Gleisdreieck Westpark, unter...<\/div><span class=\"comments-link\">\n\t<a href=\"https:\/\/moeckernkiez.org\/?p=20413#respond\">\n\t<i class=\"far fa-comment\" title=\"Kommentar-Symbol\"><\/i>\n\t\tKommentare deaktiviert\t<\/a>\n<\/span><\/div><\/li><li class=\"post-item has-image\"><div class=\"top\"><div class=\"featured-image\"><a href=\"https:\/\/moeckernkiez.org\/?p=20395\">F\u00eate de la Musique 2025<img loading=\"lazy\" decoding=\"async\" width=\"350\" height=\"197\" src=\"https:\/\/moeckernkiez.org\/wp-content\/uploads\/2025\/06\/size708x398-350x197.webp\" class=\"attachment-medium size-medium wp-post-image\" alt=\"\" srcset=\"https:\/\/moeckernkiez.org\/wp-content\/uploads\/2025\/06\/size708x398-350x197.webp 350w, https:\/\/moeckernkiez.org\/wp-content\/uploads\/2025\/06\/size708x398-640x360.webp 640w, https:\/\/moeckernkiez.org\/wp-content\/uploads\/2025\/06\/size708x398.webp 708w\" sizes=\"auto, (max-width: 350px) 100vw, 350px\" \/><\/a><\/div><div class=\"top-inner\"><a href=\"https:\/\/moeckernkiez.org\/?p=20395\" class=\"title\">F\u00eate de la Musique 2025<\/a><div class=\"post-byline\">Von MB am 16. Juni 2025 | <p class=\"post-categories\"><a href=\"https:\/\/moeckernkiez.org\/?cat=100\" title=\"Siehe alle Beitr\u00e4ge in Druckbeitraege\">Druckbeitraege<\/a><\/p><\/div><ul class=\"post-categories\">\n\t<li><a href=\"https:\/\/moeckernkiez.org\/?cat=100\" rel=\"category\">Druckbeitraege<\/a><\/li><\/ul><\/div><\/div><div class=\"bottom\"><div class=\"excerpt\">Am 21. Juni 2025 finden in der ganzen Stadt Konzerte bei freiem Einritt statt: #fetedelamusique. F\u00fcr alle, die Musik machen, Musik genie\u00dfen, das Leben feiern,...<\/div><span class=\"comments-link\">\n\t<a href=\"https:\/\/moeckernkiez.org\/?p=20395#respond\">\n\t<i class=\"far fa-comment\" title=\"Kommentar-Symbol\"><\/i>\n\t\tKommentare deaktiviert\t<\/a>\n<\/span><\/div><\/li><\/ul><\/div><\/li><\/ul><\/div><!-- widgets_on_page -->\n\n\n\n<p><\/p>\n","protected":false},"excerpt":{"rendered":"<p>www.moeckernkiez.org<\/p>\n","protected":false},"author":2,"featured_media":0,"parent":0,"menu_order":0,"comment_status":"closed","ping_status":"closed","template":"","meta":{"_uag_custom_page_level_css":"","iawp_total_views":124,"footnotes":""},"class_list":["post-7290","page","type-page","status-publish","hentry","entry","rows-excerpt"],"uagb_featured_image_src":{"full":false,"thumbnail":false,"medium":false,"medium_large":false,"large":false,"1536x1536":false,"2048x2048":false,"awpcp-thumbnail":false,"awpcp-featured":false,"awpcp-featured-on-lists":false,"awpcp-large":false},"uagb_author_info":{"display_name":"MB","author_link":"https:\/\/moeckernkiez.org\/?author=2"},"uagb_comment_info":0,"uagb_excerpt":"www.moeckernkiez.org","publishpress_future_workflow_manual_trigger":{"enabledWorkflows":[]},"_links":{"self":[{"href":"https:\/\/moeckernkiez.org\/index.php?rest_route=\/wp\/v2\/pages\/7290","targetHints":{"allow":["GET"]}}],"collection":[{"href":"https:\/\/moeckernkiez.org\/index.php?rest_route=\/wp\/v2\/pages"}],"about":[{"href":"https:\/\/moeckernkiez.org\/index.php?rest_route=\/wp\/v2\/types\/page"}],"author":[{"embeddable":true,"href":"https:\/\/moeckernkiez.org\/index.php?rest_route=\/wp\/v2\/users\/2"}],"replies":[{"embeddable":true,"href":"https:\/\/moeckernkiez.org\/index.php?rest_route=%2Fwp%2Fv2%2Fcomments&post=7290"}],"version-history":[{"count":10,"href":"https:\/\/moeckernkiez.org\/index.php?rest_route=\/wp\/v2\/pages\/7290\/revisions"}],"predecessor-version":[{"id":12461,"href":"https:\/\/moeckernkiez.org\/index.php?rest_route=\/wp\/v2\/pages\/7290\/revisions\/12461"}],"wp:attachment":[{"href":"https:\/\/moeckernkiez.org\/index.php?rest_route=%2Fwp%2Fv2%2Fmedia&parent=7290"}],"curies":[{"name":"wp","href":"https:\/\/api.w.org\/{rel}","templated":true}]}}