{"id":16990,"date":"2023-02-27T21:36:00","date_gmt":"2023-02-27T20:36:00","guid":{"rendered":"https:\/\/moeckernkiez.org\/?page_id=16990"},"modified":"2023-03-02T10:15:16","modified_gmt":"2023-03-02T09:15:16","slug":"informationen-zum-chatgpt-kurs-vom-26-februar-2023-im-moeckernkiez","status":"publish","type":"page","link":"https:\/\/moeckernkiez.org\/?page_id=16990","title":{"rendered":"Informationen zum ChatGPT Kurs vom 26. Februar 2023 im M\u00f6ckernkiez"},"content":{"rendered":"\n<h2 class=\"wp-block-heading\">Abrechnung<\/h2>\n\n\n\n<p>Es waren 16 TeilnehmerInnen. 25,- \u20ac\/TN ergeben 400,- \u20ac als Honorar f\u00fcr den Trainer. Als Spendeneinnahmen f\u00fcr die Raumnutzung gehen 15,- \u20ac an den M\u00f6ckernkiez Verein. Das kleine Catering wurde vom Orga-Team gespendet. <br>Vielen Dank an Bj\u00f6rn f\u00fcr die Workshop-Leitung und vielen Dank an die helfenden H\u00e4nde im Hintergrund f\u00fcr Anmeldebetreuung und Money-Management.<\/p>\n\n\n\n<h2 class=\"wp-block-heading\">Lob und Tadel<\/h2>\n\n\n\n<blockquote class=\"wp-block-quote is-layout-flow wp-block-quote-is-layout-flow\">\n<ul class=\"wp-block-list\">\n<li>Das Seminar gestern war wirklich toll, ich war fast euphorisch, aber heute komme ich in chatGPT einfach nicht mehr rein. \ud83d\ude09<\/li>\n<\/ul>\n\n\n\n<ul class=\"wp-block-list\">\n<li>War sehr gut gemacht und ich habe gelernt!<\/li>\n<\/ul>\n\n\n\n<ul class=\"wp-block-list\">\n<li>Mir hat es viel Spa\u00df gemacht.<\/li>\n<\/ul>\n\n\n\n<ul class=\"wp-block-list\">\n<li>Gerne noch einen Termin, bleib an den digitalen Themen dran, finde ich gut, bin ich gerne weiter dabei!<\/li>\n<\/ul>\n\n\n\n<ul class=\"wp-block-list\">\n<li>Danke f\u00fcr den Kurs heute. War super und f\u00fcr mich Start von was Gro\u00dfem! Werde das in unsere Verwaltung tragen.<\/li>\n<\/ul>\n\n\n\n<ul class=\"wp-block-list\">\n<li>Manchmal herrschte ein eher ruppiger Umgangston in der Gruppe.<\/li>\n<\/ul>\n\n\n\n<ul class=\"wp-block-list\">\n<li>Eventuell war die Gruppe mit 16 TeilnehmerInnen zu gro\u00df f\u00fcr den Raum. Mit den Tischen und den Computern wurde es sehr eng.<\/li>\n<\/ul>\n\n\n\n<ul class=\"wp-block-list\">\n<li>Toller Pausensnack &#8211; Obst, N\u00fcsschen und Tee anstatt Keks und Kaffee.<br><br><\/li>\n\n\n\n<li>Also f\u00fcr mich ist das nichts. Es f\u00fchlt sich so unnat\u00fcrlich an.<\/li>\n<\/ul>\n\n\n\n<ul class=\"wp-block-list\">\n<li>Schade, dass das nun erst am Ende meiner beruflichen Laufbahn zur Verf\u00fcgung steht. Das h\u00e4tte ich auch schon fr\u00fcher gebrauchen k\u00f6nnen.<\/li>\n<\/ul>\n<\/blockquote>\n\n\n\n<h2 class=\"wp-block-heading\">Kursunterlagen<\/h2>\n\n\n\n<p><a href=\"https:\/\/moeckernkiez.org\/wp-content\/uploads\/2023\/02\/Workshop-Moeckernkiez.pdf\" target=\"_blank\" rel=\"noreferrer noopener\">Pr\u00e4sentation zum Download<\/a><\/p>\n","protected":false},"excerpt":{"rendered":"<p>Abrechnung Es waren 16 TeilnehmerInnen. 25,- \u20ac\/TN ergeben 400,- \u20ac als Honorar f\u00fcr den Trainer. Als Spendeneinnahmen f\u00fcr die Raumnutzung&#8230;<\/p>\n","protected":false},"author":2,"featured_media":0,"parent":0,"menu_order":0,"comment_status":"closed","ping_status":"closed","template":"","meta":{"_uag_custom_page_level_css":"","iawp_total_views":0,"footnotes":""},"class_list":["post-16990","page","type-page","status-publish","hentry","entry","rows-excerpt"],"uagb_featured_image_src":{"full":false,"thumbnail":false,"medium":false,"medium_large":false,"large":false,"1536x1536":false,"2048x2048":false,"awpcp-thumbnail":false,"awpcp-featured":false,"awpcp-featured-on-lists":false,"awpcp-large":false},"uagb_author_info":{"display_name":"MB","author_link":"https:\/\/moeckernkiez.org\/?author=2"},"uagb_comment_info":0,"uagb_excerpt":"Abrechnung Es waren 16 TeilnehmerInnen. 25,- \u20ac\/TN ergeben 400,- \u20ac als Honorar f\u00fcr den Trainer. Als Spendeneinnahmen f\u00fcr die Raumnutzung&#8230;","publishpress_future_workflow_manual_trigger":{"enabledWorkflows":[]},"_links":{"self":[{"href":"https:\/\/moeckernkiez.org\/index.php?rest_route=\/wp\/v2\/pages\/16990","targetHints":{"allow":["GET"]}}],"collection":[{"href":"https:\/\/moeckernkiez.org\/index.php?rest_route=\/wp\/v2\/pages"}],"about":[{"href":"https:\/\/moeckernkiez.org\/index.php?rest_route=\/wp\/v2\/types\/page"}],"author":[{"embeddable":true,"href":"https:\/\/moeckernkiez.org\/index.php?rest_route=\/wp\/v2\/users\/2"}],"replies":[{"embeddable":true,"href":"https:\/\/moeckernkiez.org\/index.php?rest_route=%2Fwp%2Fv2%2Fcomments&post=16990"}],"version-history":[{"count":9,"href":"https:\/\/moeckernkiez.org\/index.php?rest_route=\/wp\/v2\/pages\/16990\/revisions"}],"predecessor-version":[{"id":17083,"href":"https:\/\/moeckernkiez.org\/index.php?rest_route=\/wp\/v2\/pages\/16990\/revisions\/17083"}],"wp:attachment":[{"href":"https:\/\/moeckernkiez.org\/index.php?rest_route=%2Fwp%2Fv2%2Fmedia&parent=16990"}],"curies":[{"name":"wp","href":"https:\/\/api.w.org\/{rel}","templated":true}]}}