{"id":10077,"date":"2021-05-31T15:15:15","date_gmt":"2021-05-31T13:15:15","guid":{"rendered":"https:\/\/moeckernkiez.org\/?page_id=10077"},"modified":"2021-05-31T15:15:15","modified_gmt":"2021-05-31T13:15:15","slug":"ag-mobilitaet-zufahrt","status":"publish","type":"page","link":"https:\/\/moeckernkiez.org\/?page_id=10077","title":{"rendered":"AG Mobilit\u00e4t &#038; Zufahrt"},"content":{"rendered":"\n<p><strong>Ziele<\/strong>\u00a0der AG sind:<\/p>\n\n\n\n<ul class=\"wp-block-list\"><li>den motorisierten Verkehr im Kiez durch <a href=\"https:\/\/moeckernkiez.de\/intranet\/forum\/thema\/schrankenregelung\/\">Regeln zur motorisierten Zufahrt<\/a> (\u201cSchrankenregelung\u201d) so weit wie m\u00f6glich zu vermeiden,<\/li><li>Alternativangebote f\u00fcr momentan \u00fcber motorisierten Verkehr abgedeckte Mobilit\u00e4tsbed\u00fcrfnisse zu entwerfen und<\/li><li>Ver\u00e4nderungen in der Nachbarschaft\/Bezirk\/Stadt ansto\u00dfen und\/oder mitgestalten.<\/li><\/ul>\n\n\n\n<p>Die AG unterst\u00fctzt damit Beirat und Vorstand bei der Suche nach langfristig praktikablen L\u00f6sungen.<\/p>\n\n\n\n<p><strong>Hintergrund<\/strong>&nbsp;ist, dass es unterschiedliche Vorstellung dazu gibt, was \u201cautofreier Kiez\u201d bedeutet bzw. bedeuten soll und die Zufahrtskoordination momentan sehr aufwendig ist.<\/p>\n\n\n\n<p><strong>Weitere Themen der AG:<\/strong><\/p>\n\n\n\n<ul class=\"wp-block-list\"><li>Vorschl\u00e4ge zur technischen Umsetzung der Zufahrtsregeln (analog zum laufenden Experiment, Online-Tool, sonstige Umsetzung) entwickeln<\/li><li>Unterst\u00fctzung von bedarfsorientierten Zufahrtsregelungen (AG Barrierefreiheit, Mobilit\u00e4tskonzept im Alter)<\/li><li>B\u00fcndelung der\/Austausch mit anderen Mobilit\u00e4tsinitiativen (Unter-AG Mobilit\u00e4t der AG Nachbarschaft; AG Fahrrad)<\/li><li>Beschilderung und Kennzeichnung der Zufahrtsstra\u00dfe entwickeln<\/li><li>Hinweistafel an der Zufahrtsrampe zu Kommunikation der Regeln entwickeln<\/li><li>Konzept f\u00fcr Kurzzeitparkpl\u00e4tze auf der Vorfahrtstra\u00dfe entwickeln (inkl. besonderer Kennzeichnung von Gefahrenstellen, z.B. an der Kieztreppe)<\/li><li>Vorschlag zur Umsetzung einer Umpackstation entwickeln<\/li><li>Gewerbliche, nicht motorisierte Lieferungen einfordern<\/li><li>M\u00f6glichkeit er\u00f6rtern, rund um den M\u00f6ckernkiez (d.h. auch auf der M\u00f6ckernstra\u00dfe) Kurzzeitparkpl\u00e4tze einzurichten (in Absprache mit AG Nachbarschaft)<\/li><\/ul>\n\n\n\n<p>Wenn ihr in die Kommunikation der AG eingebunden sein wollt, schreibt bitte eine Mail: mk_agmobi@posteo.de<\/p>\n","protected":false},"excerpt":{"rendered":"<p>Ziele\u00a0der AG sind: den motorisierten Verkehr im Kiez durch Regeln zur motorisierten Zufahrt (\u201cSchrankenregelung\u201d) so weit wie m\u00f6glich zu vermeiden,&#8230;<\/p>\n","protected":false},"author":2,"featured_media":10054,"parent":0,"menu_order":0,"comment_status":"closed","ping_status":"closed","template":"","meta":{"_uag_custom_page_level_css":"","iawp_total_views":38,"footnotes":""},"class_list":["post-10077","page","type-page","status-publish","has-post-thumbnail","hentry","entry","rows-excerpt"],"uagb_featured_image_src":{"full":["https:\/\/moeckernkiez.org\/wp-content\/uploads\/2021\/05\/oalh2mojuuk.jpg",1024,683,false],"thumbnail":["https:\/\/moeckernkiez.org\/wp-content\/uploads\/2021\/05\/oalh2mojuuk-140x140.jpg",140,140,true],"medium":["https:\/\/moeckernkiez.org\/wp-content\/uploads\/2021\/05\/oalh2mojuuk-350x233.jpg",350,233,true],"medium_large":["https:\/\/moeckernkiez.org\/wp-content\/uploads\/2021\/05\/oalh2mojuuk-768x512.jpg",768,512,true],"large":["https:\/\/moeckernkiez.org\/wp-content\/uploads\/2021\/05\/oalh2mojuuk.jpg",1024,683,false],"1536x1536":["https:\/\/moeckernkiez.org\/wp-content\/uploads\/2021\/05\/oalh2mojuuk.jpg",1024,683,false],"2048x2048":["https:\/\/moeckernkiez.org\/wp-content\/uploads\/2021\/05\/oalh2mojuuk.jpg",1024,683,false],"awpcp-thumbnail":["https:\/\/moeckernkiez.org\/wp-content\/uploads\/2021\/05\/oalh2mojuuk.jpg",187,125,false],"awpcp-featured":["https:\/\/moeckernkiez.org\/wp-content\/uploads\/2021\/05\/oalh2mojuuk.jpg",300,200,false],"awpcp-featured-on-lists":["https:\/\/moeckernkiez.org\/wp-content\/uploads\/2021\/05\/oalh2mojuuk.jpg",300,200,false],"awpcp-large":["https:\/\/moeckernkiez.org\/wp-content\/uploads\/2021\/05\/oalh2mojuuk.jpg",640,427,false]},"uagb_author_info":{"display_name":"MB","author_link":"https:\/\/moeckernkiez.org\/?author=2"},"uagb_comment_info":0,"uagb_excerpt":"Ziele\u00a0der AG sind: den motorisierten Verkehr im Kiez durch Regeln zur motorisierten Zufahrt (\u201cSchrankenregelung\u201d) so weit wie m\u00f6glich zu vermeiden,&#8230;","publishpress_future_workflow_manual_trigger":{"enabledWorkflows":[]},"_links":{"self":[{"href":"https:\/\/moeckernkiez.org\/index.php?rest_route=\/wp\/v2\/pages\/10077","targetHints":{"allow":["GET"]}}],"collection":[{"href":"https:\/\/moeckernkiez.org\/index.php?rest_route=\/wp\/v2\/pages"}],"about":[{"href":"https:\/\/moeckernkiez.org\/index.php?rest_route=\/wp\/v2\/types\/page"}],"author":[{"embeddable":true,"href":"https:\/\/moeckernkiez.org\/index.php?rest_route=\/wp\/v2\/users\/2"}],"replies":[{"embeddable":true,"href":"https:\/\/moeckernkiez.org\/index.php?rest_route=%2Fwp%2Fv2%2Fcomments&post=10077"}],"version-history":[{"count":1,"href":"https:\/\/moeckernkiez.org\/index.php?rest_route=\/wp\/v2\/pages\/10077\/revisions"}],"predecessor-version":[{"id":10078,"href":"https:\/\/moeckernkiez.org\/index.php?rest_route=\/wp\/v2\/pages\/10077\/revisions\/10078"}],"wp:featuredmedia":[{"embeddable":true,"href":"https:\/\/moeckernkiez.org\/index.php?rest_route=\/wp\/v2\/media\/10054"}],"wp:attachment":[{"href":"https:\/\/moeckernkiez.org\/index.php?rest_route=%2Fwp%2Fv2%2Fmedia&parent=10077"}],"curies":[{"name":"wp","href":"https:\/\/api.w.org\/{rel}","templated":true}]}}