{"id":10072,"date":"2021-05-31T15:04:08","date_gmt":"2021-05-31T13:04:08","guid":{"rendered":"https:\/\/moeckernkiez.org\/?page_id=10072"},"modified":"2023-03-25T10:35:49","modified_gmt":"2023-03-25T09:35:49","slug":"arbeitsgruppe-politik","status":"publish","type":"page","link":"https:\/\/moeckernkiez.org\/?page_id=10072","title":{"rendered":"Arbeitsgruppe Politik"},"content":{"rendered":"\n<p>Die Arbeitsgruppe im M\u00f6ckernkiez Verein sieht sich als Forum f\u00fcr Ideen, die sich auf die zentralen Werte der Genossenschaft (\u00f6kologisch, selbstverwaltet, solidarisch, Generationen verbindend) beziehen und sie wollen sich an der Weiterentwicklung der Genossenschaft beteiligen.<br><br><strong>Die wichtigsten Fragen f\u00fcr uns sind:<\/strong><\/p>\n\n\n\n<ul class=\"wp-block-list\">\n<li>Wie gestalten wir eine nachhaltige Lebensweise?<\/li>\n\n\n\n<li>Welchen Beitrag leisten wir als Genoss*innen im Kampf gegen die Klimakrise besonders bei der Verkehrswende und der Wohnwende)?<\/li>\n\n\n\n<li>Wie schaffen wir es, dass die Genossenschaft sozial vielf\u00e4ltiger wird?<\/li>\n\n\n\n<li>Wie schaffen wir es, dass alle Genoss*innen sicher sein k\u00f6nnen, dass sich die Genossenschaft solidarisch zeigt, wenn es zu pers\u00f6nlichen \u00f6konomischen Krisen kommen sollte? Konkret: wie gestalten wir einen Solidarfonds?<\/li>\n\n\n\n<li>Wie schaffen wir es, dass unser Kiez wirklich barrierefrei wird \u2013 im umfassenden Sinn?<\/li>\n\n\n\n<li>Wie tragen wir dazu bei, dass die demokratische Selbstverwaltung der Genossenschaft lebendig bleibt?<\/li>\n<\/ul>\n\n\n\n<p>Wir m\u00fcssen uns fragen: wollen wir ein \u201eLeuchtturmprojekt\u201c sein und uns an der Stadtentwicklung beteiligen? Wollen wir Beispiel sein f\u00fcr eine nachhaltige Lebensweise, f\u00fcr solidarische Finanzierung, f\u00fcr eine Orientierung am Gemeinwohl in allen Bereichen?<\/p>\n\n\n\n<p>Welche Erwartungen wir an einen neuen Vorstand und an einen neuen Aufsichtsrat stellen, h\u00e4ngt auch davon ab, wie wir diese Fragen beantworten.<\/p>\n\n\n\n<p>In den letzten Wochen war die AG Politik auch an der Arbeit der \u201eAG Zusammenleben im M\u00f6ckernkiez\u201c beteiligt \u2013 diese Arbeit wird nach dem gelungenen Start fortgesetzt. Bereits jetzt ist deutlich, dass wir im M\u00f6ckernkiez dann gut mit Konflikten umgehen k\u00f6nnen, wenn wir uns auf wesentliche, gemeinsame Werte beziehen k\u00f6nnen. Hier haben die Gr\u00fcnder*innen der Genossenschaft vor \u00fcber 10 Jahren wertvolle Grundlagen gelegt \u2013 diese wollen wir bewahren. Vor vielen Jahren wurden gemeinsame Regeln f\u00fcr ein soziales und nachbarschaftliches Zusammenleben beschrieben, die auch auf der Webseite der Genossenschaft zitiert werden: \u201eachtsamer und wertsch\u00e4tzender Umgang miteinander, der durch eine grunds\u00e4tzliche positive, humorvolle und lebensbejahende Haltung gepr\u00e4gt ist. Dazu z\u00e4hlt die Achtung der Differenz gleicherma\u00dfen wie die Achtsamkeit f\u00fcr das Gemeinsame.\u201c<\/p>\n\n\n\n<p><strong>Themen f\u00fcr 2021\/22\/23:<\/strong><\/p>\n\n\n\n<ul class=\"wp-block-list\">\n<li><a rel=\"noreferrer noopener\" href=\"\/?p=14773\" target=\"_blank\">Abschottung des M\u00f6ckernkiez gegen Neumitglieder<\/a><\/li>\n\n\n\n<li>Einrichtung eines Solidarfonds <a href=\"https:\/\/moeckernkiez.org\/?p=16223\">Vorsicht beim M\u00f6ckernkiez Solidarit\u00e4tfonds<\/a> <a href=\"https:\/\/moeckernkiez.org\/?p=17223\">AG P(lagiat)olitik beim Solidarit\u00e4tsfonds<\/a><\/li>\n\n\n\n<li><s>Kinder- und Jugendrechte im M\u00f6ckernkiez &#8211; kein Bedarf<\/s><\/li>\n\n\n\n<li><a rel=\"noreferrer noopener\" href=\"\/?p=10264\" data-type=\"post\" target=\"_blank\"><s>Kiezstatistik \u2013 wie viele Menschen wohnen im M\u00f6ckernkiez?<\/s><\/a><\/li>\n\n\n\n<li>GW\u00d6-Werte: Entwicklung besonders f\u00fcr weiteres Bauprojekt?<\/li>\n<\/ul>\n\n\n\n<p><\/p>\n\n\n\n<p><\/p>\n\n\n\n<p><\/p>\n\n\n\n<p class=\"has-white-color has-text-color\" style=\"font-size:1px\">Mitglieder: Christa Donner, Harald Kamps, Anita Leisge, Ulrike Arnold, G\u00fcnter Piening,<\/p>\n","protected":false},"excerpt":{"rendered":"<p>Die Arbeitsgruppe im M\u00f6ckernkiez Verein sieht sich als Forum f\u00fcr Ideen, die sich auf die zentralen Werte der Genossenschaft (\u00f6kologisch,&#8230;<\/p>\n","protected":false},"author":2,"featured_media":10054,"parent":0,"menu_order":0,"comment_status":"closed","ping_status":"closed","template":"","meta":{"_uag_custom_page_level_css":"","iawp_total_views":21,"footnotes":""},"class_list":["post-10072","page","type-page","status-publish","has-post-thumbnail","hentry","entry","rows-excerpt"],"uagb_featured_image_src":{"full":["https:\/\/moeckernkiez.org\/wp-content\/uploads\/2021\/05\/oalh2mojuuk.jpg",1024,683,false],"thumbnail":["https:\/\/moeckernkiez.org\/wp-content\/uploads\/2021\/05\/oalh2mojuuk-140x140.jpg",140,140,true],"medium":["https:\/\/moeckernkiez.org\/wp-content\/uploads\/2021\/05\/oalh2mojuuk-350x233.jpg",350,233,true],"medium_large":["https:\/\/moeckernkiez.org\/wp-content\/uploads\/2021\/05\/oalh2mojuuk-768x512.jpg",768,512,true],"large":["https:\/\/moeckernkiez.org\/wp-content\/uploads\/2021\/05\/oalh2mojuuk.jpg",1024,683,false],"1536x1536":["https:\/\/moeckernkiez.org\/wp-content\/uploads\/2021\/05\/oalh2mojuuk.jpg",1024,683,false],"2048x2048":["https:\/\/moeckernkiez.org\/wp-content\/uploads\/2021\/05\/oalh2mojuuk.jpg",1024,683,false],"awpcp-thumbnail":["https:\/\/moeckernkiez.org\/wp-content\/uploads\/2021\/05\/oalh2mojuuk.jpg",187,125,false],"awpcp-featured":["https:\/\/moeckernkiez.org\/wp-content\/uploads\/2021\/05\/oalh2mojuuk.jpg",300,200,false],"awpcp-featured-on-lists":["https:\/\/moeckernkiez.org\/wp-content\/uploads\/2021\/05\/oalh2mojuuk.jpg",300,200,false],"awpcp-large":["https:\/\/moeckernkiez.org\/wp-content\/uploads\/2021\/05\/oalh2mojuuk.jpg",640,427,false]},"uagb_author_info":{"display_name":"MB","author_link":"https:\/\/moeckernkiez.org\/?author=2"},"uagb_comment_info":0,"uagb_excerpt":"Die Arbeitsgruppe im M\u00f6ckernkiez Verein sieht sich als Forum f\u00fcr Ideen, die sich auf die zentralen Werte der Genossenschaft (\u00f6kologisch,&#8230;","publishpress_future_workflow_manual_trigger":{"enabledWorkflows":[]},"_links":{"self":[{"href":"https:\/\/moeckernkiez.org\/index.php?rest_route=\/wp\/v2\/pages\/10072","targetHints":{"allow":["GET"]}}],"collection":[{"href":"https:\/\/moeckernkiez.org\/index.php?rest_route=\/wp\/v2\/pages"}],"about":[{"href":"https:\/\/moeckernkiez.org\/index.php?rest_route=\/wp\/v2\/types\/page"}],"author":[{"embeddable":true,"href":"https:\/\/moeckernkiez.org\/index.php?rest_route=\/wp\/v2\/users\/2"}],"replies":[{"embeddable":true,"href":"https:\/\/moeckernkiez.org\/index.php?rest_route=%2Fwp%2Fv2%2Fcomments&post=10072"}],"version-history":[{"count":10,"href":"https:\/\/moeckernkiez.org\/index.php?rest_route=\/wp\/v2\/pages\/10072\/revisions"}],"predecessor-version":[{"id":17592,"href":"https:\/\/moeckernkiez.org\/index.php?rest_route=\/wp\/v2\/pages\/10072\/revisions\/17592"}],"wp:featuredmedia":[{"embeddable":true,"href":"https:\/\/moeckernkiez.org\/index.php?rest_route=\/wp\/v2\/media\/10054"}],"wp:attachment":[{"href":"https:\/\/moeckernkiez.org\/index.php?rest_route=%2Fwp%2Fv2%2Fmedia&parent=10072"}],"curies":[{"name":"wp","href":"https:\/\/api.w.org\/{rel}","templated":true}]}}

<p>Die Arbeitsgruppe im Möckernkiez Verein sieht sich als Forum für Ideen, die sich auf die zentralen Werte der Genossenschaft (ökologisch, selbstverwaltet, solidarisch, Generationen verbindend) beziehen und sie wollen sich an der Weiterentwicklung der Genossenschaft beteiligen.<br><br><strong>Die wichtigsten Fragen für uns sind:</strong></p>



<ul class="wp-block-list">
<li>Wie gestalten wir eine nachhaltige Lebensweise?</li>



<li>Welchen Beitrag leisten wir als Genoss*innen im Kampf gegen die Klimakrise besonders bei der Verkehrswende und der Wohnwende)?</li>



<li>Wie schaffen wir es, dass die Genossenschaft sozial vielfältiger wird?</li>



<li>Wie schaffen wir es, dass alle Genoss*innen sicher sein können, dass sich die Genossenschaft solidarisch zeigt, wenn es zu persönlichen ökonomischen Krisen kommen sollte? Konkret: wie gestalten wir einen Solidarfonds?</li>



<li>Wie schaffen wir es, dass unser Kiez wirklich barrierefrei wird – im umfassenden Sinn?</li>



<li>Wie tragen wir dazu bei, dass die demokratische Selbstverwaltung der Genossenschaft lebendig bleibt?</li>
</ul>



<p>Wir müssen uns fragen: wollen wir ein „Leuchtturmprojekt“ sein und uns an der Stadtentwicklung beteiligen? Wollen wir Beispiel sein für eine nachhaltige Lebensweise, für solidarische Finanzierung, für eine Orientierung am Gemeinwohl in allen Bereichen?</p>



<p>Welche Erwartungen wir an einen neuen Vorstand und an einen neuen Aufsichtsrat stellen, hängt auch davon ab, wie wir diese Fragen beantworten.</p>



<p>In den letzten Wochen war die AG Politik auch an der Arbeit der „AG Zusammenleben im Möckernkiez“ beteiligt – diese Arbeit wird nach dem gelungenen Start fortgesetzt. Bereits jetzt ist deutlich, dass wir im Möckernkiez dann gut mit Konflikten umgehen können, wenn wir uns auf wesentliche, gemeinsame Werte beziehen können. Hier haben die Gründer*innen der Genossenschaft vor über 10 Jahren wertvolle Grundlagen gelegt – diese wollen wir bewahren. Vor vielen Jahren wurden gemeinsame Regeln für ein soziales und nachbarschaftliches Zusammenleben beschrieben, die auch auf der Webseite der Genossenschaft zitiert werden: „achtsamer und wertschätzender Umgang miteinander, der durch eine grundsätzliche positive, humorvolle und lebensbejahende Haltung geprägt ist. Dazu zählt die Achtung der Differenz gleichermaßen wie die Achtsamkeit für das Gemeinsame.“</p>



<p><strong>Themen für 2021/22/23:</strong></p>



<ul class="wp-block-list">
<li><a rel="noreferrer noopener" href="/?p=14773" target="_blank">Abschottung des Möckernkiez gegen Neumitglieder</a></li>



<li>Einrichtung eines Solidarfonds <a href="https://moeckernkiez.org/?p=16223">Vorsicht beim Möckernkiez Solidaritätfonds</a> <a href="https://moeckernkiez.org/?p=17223">AG P(lagiat)olitik beim Solidaritätsfonds</a></li>



<li><s>Kinder- und Jugendrechte im Möckernkiez &#8211; kein Bedarf</s></li>



<li><a rel="noreferrer noopener" href="/?p=10264" data-type="post" target="_blank"><s>Kiezstatistik – wie viele Menschen wohnen im Möckernkiez?</s></a></li>



<li>GWÖ-Werte: Entwicklung besonders für weiteres Bauprojekt?</li>
</ul>



<p></p>



<p></p>



<p></p>



<p class="has-white-color has-text-color" style="font-size:1px">Mitglieder: Christa Donner, Harald Kamps, Anita Leisge, Ulrike Arnold, Günter Piening,</p>

<p>Die Arbeitsgruppe im Möckernkiez Verein sieht sich als Forum für Ideen, die sich auf die zentralen Werte der Genossenschaft (ökologisch,&#8230;</p>

Die Arbeitsgruppe im Möckernkiez Verein sieht sich als Forum für Ideen, die sich auf die zentralen Werte der Genossenschaft (ökologisch,&#8230;
