{"id":10069,"date":"2021-05-31T14:52:23","date_gmt":"2021-05-31T12:52:23","guid":{"rendered":"https:\/\/moeckernkiez.org\/?page_id=10069"},"modified":"2023-01-29T22:22:29","modified_gmt":"2023-01-29T21:22:29","slug":"arbeitsgruppe-kultur","status":"publish","type":"page","link":"https:\/\/moeckernkiez.org\/?page_id=10069","title":{"rendered":"Arbeitsgruppe Kultur"},"content":{"rendered":"\n<p><strong>Selbstverst\u00e4ndnis der Arbeitsgruppe Kultur (AGK)<\/strong><\/p>\n\n\n\n<p>Die AG Kultur organisiert vielf\u00e4ltige k\u00fcnstlerische und kulturelle Veranstaltungen und Ausstellungen mit Laien- und Berufsk\u00fcnstler*innen und tr\u00e4gt dazu bei, den Treffpunkt im M\u00f6ckernkiez zu einem \u00fcber die Kiezgrenzen<br>hinaus wirkenden kulturellen Zentrum zu machen.<\/p>\n\n\n\n<p>Das Angebot reicht von Musik-Veranstaltungen, die in den Sommermonaten auf dem Kiezplatz stattfinden und Lesungen bis hin zu Ausstellungen im gesamten Treffpunkt. Der Eintritt ist frei mit der Bitte um eine Spende f\u00fcr die auftretenden K\u00fcnster*innen.<\/p>\n\n\n\n<p>Wer interessiert ist in der Gruppe mitzuwirken, ist jederzeit herzlich willkommen. Kontakt: <a rel=\"noreferrer noopener\" href=\"mailto:moekult@posteo.de\" target=\"_blank\">moekult@posteo.de<\/a>.<br>An Veranstaltungen oder Ausstellungen interessierte K\u00fcnstler*innen k\u00f6nnen sich ebenfalls per Email: <a rel=\"noreferrer noopener\" href=\"mailto:moekult@posteo.de\" target=\"_blank\">moekult@posteo.de<\/a> anmelden.<\/p>\n","protected":false},"excerpt":{"rendered":"<p>Selbstverst\u00e4ndnis der Arbeitsgruppe Kultur (AGK) Die AG Kultur organisiert vielf\u00e4ltige k\u00fcnstlerische und kulturelle Veranstaltungen und Ausstellungen mit Laien- und Berufsk\u00fcnstler*innen&#8230;<\/p>\n","protected":false},"author":2,"featured_media":10054,"parent":0,"menu_order":0,"comment_status":"closed","ping_status":"closed","template":"","meta":{"_uag_custom_page_level_css":"","iawp_total_views":25,"footnotes":""},"class_list":["post-10069","page","type-page","status-publish","has-post-thumbnail","hentry","entry","rows-excerpt"],"uagb_featured_image_src":{"full":["https:\/\/moeckernkiez.org\/wp-content\/uploads\/2021\/05\/oalh2mojuuk.jpg",1024,683,false],"thumbnail":["https:\/\/moeckernkiez.org\/wp-content\/uploads\/2021\/05\/oalh2mojuuk-140x140.jpg",140,140,true],"medium":["https:\/\/moeckernkiez.org\/wp-content\/uploads\/2021\/05\/oalh2mojuuk-350x233.jpg",350,233,true],"medium_large":["https:\/\/moeckernkiez.org\/wp-content\/uploads\/2021\/05\/oalh2mojuuk-768x512.jpg",768,512,true],"large":["https:\/\/moeckernkiez.org\/wp-content\/uploads\/2021\/05\/oalh2mojuuk.jpg",1024,683,false],"1536x1536":["https:\/\/moeckernkiez.org\/wp-content\/uploads\/2021\/05\/oalh2mojuuk.jpg",1024,683,false],"2048x2048":["https:\/\/moeckernkiez.org\/wp-content\/uploads\/2021\/05\/oalh2mojuuk.jpg",1024,683,false],"awpcp-thumbnail":["https:\/\/moeckernkiez.org\/wp-content\/uploads\/2021\/05\/oalh2mojuuk.jpg",187,125,false],"awpcp-featured":["https:\/\/moeckernkiez.org\/wp-content\/uploads\/2021\/05\/oalh2mojuuk.jpg",300,200,false],"awpcp-featured-on-lists":["https:\/\/moeckernkiez.org\/wp-content\/uploads\/2021\/05\/oalh2mojuuk.jpg",300,200,false],"awpcp-large":["https:\/\/moeckernkiez.org\/wp-content\/uploads\/2021\/05\/oalh2mojuuk.jpg",640,427,false]},"uagb_author_info":{"display_name":"MB","author_link":"https:\/\/moeckernkiez.org\/?author=2"},"uagb_comment_info":0,"uagb_excerpt":"Selbstverst\u00e4ndnis der Arbeitsgruppe Kultur (AGK) Die AG Kultur organisiert vielf\u00e4ltige k\u00fcnstlerische und kulturelle Veranstaltungen und Ausstellungen mit Laien- und Berufsk\u00fcnstler*innen&#8230;","publishpress_future_workflow_manual_trigger":{"enabledWorkflows":[]},"_links":{"self":[{"href":"https:\/\/moeckernkiez.org\/index.php?rest_route=\/wp\/v2\/pages\/10069","targetHints":{"allow":["GET"]}}],"collection":[{"href":"https:\/\/moeckernkiez.org\/index.php?rest_route=\/wp\/v2\/pages"}],"about":[{"href":"https:\/\/moeckernkiez.org\/index.php?rest_route=\/wp\/v2\/types\/page"}],"author":[{"embeddable":true,"href":"https:\/\/moeckernkiez.org\/index.php?rest_route=\/wp\/v2\/users\/2"}],"replies":[{"embeddable":true,"href":"https:\/\/moeckernkiez.org\/index.php?rest_route=%2Fwp%2Fv2%2Fcomments&post=10069"}],"version-history":[{"count":2,"href":"https:\/\/moeckernkiez.org\/index.php?rest_route=\/wp\/v2\/pages\/10069\/revisions"}],"predecessor-version":[{"id":16352,"href":"https:\/\/moeckernkiez.org\/index.php?rest_route=\/wp\/v2\/pages\/10069\/revisions\/16352"}],"wp:featuredmedia":[{"embeddable":true,"href":"https:\/\/moeckernkiez.org\/index.php?rest_route=\/wp\/v2\/media\/10054"}],"wp:attachment":[{"href":"https:\/\/moeckernkiez.org\/index.php?rest_route=%2Fwp%2Fv2%2Fmedia&parent=10069"}],"curies":[{"name":"wp","href":"https:\/\/api.w.org\/{rel}","templated":true}]}}