{"id":10002,"date":"2021-05-29T19:46:05","date_gmt":"2021-05-29T17:46:05","guid":{"rendered":"https:\/\/moeckernkiez.org\/?page_id=10002"},"modified":"2021-05-29T19:47:46","modified_gmt":"2021-05-29T17:47:46","slug":"moeckernkiez-newsletter-nr-16-maerz-1-2020-auszug","status":"publish","type":"page","link":"https:\/\/moeckernkiez.org\/?page_id=10002","title":{"rendered":"M\u00f6ckernkiez Newsletter &#8211; Nr. 16 &#8211; M\u00e4rz 1 2020 (Auszug)"},"content":{"rendered":"\n<p><strong>Bericht vom Plenum<\/strong><br>\u00dcber vierzig Vereinsmitglieder kamen am 10. Februar zum Plenum, um sich \u00fcber Pl\u00e4ne und Projekte f\u00fcr 2020 zu informieren. Einige der vorgestellten Projekte sind schon in der Planung fortgeschritten, wie zum Beispiel eine Veranstaltung zur Geschichte des Anhalter Bahnhofs oder eine historische F\u00fchrung durch das Gleisdreieck-Gel\u00e4nde.<br>Andere Ideen hingegen stecken noch in der Planungsphase, wie beispielsweise Schulungen zur Nutzung von Mailing-Listen.<br>Ein wichtiges Thema, \u00fcber das informiert wurde, war die Umsetzung der <strong>EU-Datenschutzgrundverordnung im Verein. Ein vom Vereinsvorstand beauftragter externer Berater war sehr angetan von der technischen Gestaltung der Vereinsseite. Die erforderliche interne Dokumentation wird \u00fcberarbeitet.<\/strong><br>Ein weiteres Thema, das viele im M\u00f6ckernkiez bewegt, ist die Gestaltung des Kiezplatzes. Nach der Open Space Veranstaltung bildeten sich dazu vier Arbeitsgruppen. Im Plenum entstand die Idee, erg\u00e4nzend zum Entscheidungsprozess im Beirat, eine Informationsveranstaltung der Arbeitsgruppen zu organisieren. Eine ausf\u00fchrliche Vorstellung der Gestaltungsideen mit Zeit f\u00fcr Diskussionen fanden viele Anwesende des Plenums w\u00fcnschenswert.<br>Text: AK Vorstand<\/p>\n\n\n\n<p><strong>Sozialleistungen<\/strong><br>Wohngeld im M\u00f6ckernkiez?<br>Ich wohne im M\u00f6ckernkiez und war bis zu meiner Verrentung langj\u00e4hrig Schuldner- und Insolvenzberater im Bezirksamt Kreuzberg und sp\u00e4ter bei dem Deutschen Caritasverband. F\u00fcr Nachbarinnen biete ich seit einem Jahr kostenlose Schuldnerberatung f\u00fcr in finanzielle Not Geratene an. 2019 konnte in rund drei\u00dfig Haushaltsberatungen zw\u00f6lf Personen geholfen werden. Auch im M\u00f6ckernkiez gibt es Menschen, die sich Sorgen machen, mit dem Renteneintritt die Nutzungsgeb\u00fchr bzw. Miete nicht mehr zahlen zu k\u00f6nnen und ausziehen zu m\u00fcssen. In solchen F\u00e4llen biete ich eine klassische Haushaltsberatung an. Ziel dieser Beratung ist es, M\u00f6glichkeiten f\u00fcr eine K\u00fcrzung der Ausgaben oder eine Einnahmeerh\u00f6hung herauszufinden. Die Annahme, dass Bewohnerinnen des M\u00f6ckernkiezes wegen der an die Genossenschaft gezahlten Genossenschaftsanteile keinen Anspruch auf Sozialleistungen haben, ist falsch.<br>Auch Bewohner*innen des M\u00f6ckernkiezes k\u00f6nnen Anspruch auf Wohngeld haben. In dem seit 1. Januar 2020 g\u00fcltigen Wohngeldgesetz sind die Voraussetzungen f\u00fcr Anspr\u00fcche ausgeweitet worden.<\/p>\n\n\n\n<p><strong>Selbsthilfegruppe Smartphone<\/strong><br>Einfach mal \u00fcber Technik plaudern<br>Vierzig lernbegeisterte Nachbar*innen haben in den letzten Wochen die Smartphone-Kurse besucht. Aus diesen VHS-Kursen hat sich eine Reihe von Aktiven gefunden, die weitermachen wollen \u2013 vielleicht in Form von 2 bis 3 kleineren Gruppen. Das soll am 4. M\u00e4rz gekl\u00e4rt werden.<br>Es sollen nun regelm\u00e4\u00dfige Treffen organisiert werden, um das Erlernte zu vertiefen und bei einer Tasse Kaffee in neue digitale Welten vorzusto\u00dfen und gewonnene Erkenntnisse zu teilen.<br>Und bitte nicht vom Namen abschrecken lassen \u2013 &#8222;Selbsthilfegruppe Smartphone&#8220; ist der erste Arbeitstitel f\u00fcr die Gruppe. Eventuell findet sich beim Suchen, Dudeln, Chatten, E-mailen und beim Online-Game noch etwas &#8222;Nerdigeres&#8220;.<br>Wer noch auf der Suche nach einem g\u00fcnstigen CO2-reduziertem Smartphone ist \u2026 hier eine Empfehlung aus dem DHuB.<br>Auftakt ist am 4. M\u00e4rz im Treffpunkt im Beratungsraum von 12:00 bis 13:00 Uhr.<\/p>\n\n\n\n<p><strong>In eigener Sache: <\/strong><br>Zu Beginn des Jahres ist uns bedauerlicherweise ein Missgeschick unterlaufen. In der Newsletter Ausgabe Januar 1\/2020 stand im ersten Artikel unter der Rubrik M\u00f6ckernkiez der Satz: \u201eDer alte Vorstand blockierte notwendige Neuerungen&#8220;. Dieser Satz ist laut Meinung eines damaligen Vorstandsmitglieds sachlich nicht richtig und wurde deshalb aus der Online-Ausgabe entfernt. Nobody is perfect \u2026<br>Die Redaktion: Astrid (AK), Christa (CD), Erwin (ES), Gerhard (GD), G\u00fcnter (GP), Heidi (HK), Matthias (MFB), R\u00fcdiger (RB) und Thomas (TF).<\/p>\n\n\n\n<p><strong>AG Gr\u00fcner Daumen<\/strong><br>Was Wildbienen m\u00f6gen<br>Schon jetzt stehen jede Menge T\u00f6pfchen mit sogenannten Kaltkeimern mit Schl\u00fcsselblume, Natternkopf, Ackerwitwenblume auf unserer Terrasse. Wenn die Pflanzen gro\u00df genug sind, &#8222;h\u00fcbsche&#8220; ich mit ihnen unsere Wiesen auf. Saatgut f\u00fcr Wildblumen gibt es im Internet bei Saatkontor.<br>Im April werden dann w\u00e4rmeliebende Wildblumensamen ges\u00e4t. Wer lieber fertige Stauden pflanzen m\u00f6chte: Ein guter Anlaufpunkt ist der Berliner Staudenmarkt im Botanischen Garten, dort sind immer auch einige Anbieter von Wildstauden vertreten. Der n\u00e4chste Berliner Staudenmarkt findet am 4. und 5. April statt.<br>Bl\u00fchkalender f\u00fcr Wildbienennahrung:<br>Im Mai bl\u00fchen: Vogelkirsche, Mispel, Giersch, Wei\u00dfdorn, Pfingstrose, Weigelie, Eberesche, Wiesensalbei, Vergissmeinnicht, Kupfer-Felsenbirne, Katzenminze, Ginster, Beinwell, Klatschmohn, Orientalischer Mohn, Wei\u00dfklee, Brombeere, Rote Lichtnelke, Hornklee, Gundermann, Borretsch, Pfefferminze, Salbei, Schafgarbe, Flachs, Margerite, Nachtkerze, Rhododendron, Ackerwinde, Clematis, Liguster, Wilde Malve, Lupine, Mittagsblume, Gartenwolfsmilch, Holunder, Apfel, Kartoffel, Robinie und Feldahorn.<br>Im Juni bl\u00fchen: Himbeere, Wiesenflockenblume, Kletterhortensie, Weinrebe, Sommerlinde, Winterlinde, Mittelmeer-Feuerdorn, Flei\u00dfiges Lieschen, Funkie, Storchschnabel, Wei\u00dfdorn, Eisenhut, Fingerhut und Glockenblume.<\/p>\n\n\n\n<p><strong>AG Schnelles Gehen<\/strong><br>Aufgepasst! Termin\u00e4nderung f\u00fcr Schnelles Gehen<br>Ab M\u00e4rz gibt es Schnelles Gehen drei mal pro Woche immer montags, mittwochs und freitags um 8:00 Uhr.<br>Treffpunkt ist an der runden Bank am Parkeingang in der N\u00e4he des Rosenduftgartens \u2013 mit oder ohne Stock.<br>Bewegung und Frohsinn pur an der frischen Luft.<br>Lauft hurtig mit gro\u00dfen Schritten,<br>\u00fcber Schienen, Wiesen, Mulch und Ger\u00f6ll,<br>durch den Park, auf und \u00fcber Br\u00fccken.<br>Und zuletzt: Kniebeugen, Liegest\u00fctz, Pinguin, langgestreckt!<br>Exklusiv im Park am Gleisdreieck!<\/p>\n\n\n\n<p><strong>Park am Gleisdreieck<\/strong><br>Neuwahl des Parkbeirats<br>Der Nutzerinnenbeirat ist das Resultat der B\u00fcrgerbeteiligung w\u00e4hrend der Planungs- und Bauphase des Parks. Er arbeitet seit 2015 und wird von Gr\u00fcnBerlin organisiert. Der Beirat hat die Aufgabe, die Weiterentwicklung des Parks zu begleiten und das Parkmanagement in der Durchsetzung von Entscheidungen zu beraten. In den Sitzungen werden aktuelle Themen, die zuk\u00fcnftige Gestaltung des Parks, auftretende Konflikte und L\u00f6sungsm\u00f6glichkeiten er\u00f6rtert sowie nachhaltige Regelungen gesucht. Der Nutzerinnenbeirat bringt die Interessen verschiedener Nutzungsgruppen in die Gestaltung, Nutzung und Bewirtschaftung der Parkanlagen ein.<br>Entsprechend ist die Zusammensetzung: Vertreterinnen aus dem Kleingarten POG, dem Rosenduftgarten und aus den anrainenden Quartieren, Vertreterinnen der Verwaltung, der Gr\u00fcn Berlin GmbH und \u2013 wichtig \u2013 f\u00fcnf B\u00fcrgerinnen (plus die Stellvertreterinnen), die von der Nachbarschaft gew\u00e4hlt wurden.<br>Diese 12 Personen werden jetzt neu gew\u00e4hlt. Und alle, die sich f\u00fcr eine gute Nachbarschaft mit dem Park einsetzen wollen, k\u00f6nnen kandidieren.<br>Zur Erinnerung: der M\u00f6ckernkiez als Genossenschaft ist derzeit als Gast beteiligt, vertreten durch Frank N. und Julia H.<br>Um bei der Wahl Stimmen aus dem M\u00f6ckernkiez zu b\u00fcndeln, wird vom M\u00f6ckernkiez-Beirat gebeten, in den Hausgruppen nachzufragen, wer Interesse an einer Kandidatur hat. In der Beiratssitzung im M\u00e4rz soll sich dann auf die Personen geeinigt werden, die als Kandidatinnen f\u00fcr den M\u00f6ckernkiez zur Wahl antreten. Die Kandidatinnen melden sich bis zum 1. April 2020 bei Gr\u00fcnBerlin.<br>Informationsveranstaltung findet am 3. M\u00e4rz 2020 von 17:00 &#8211; 19 Uhr, im B-Part, dem neuen Holzgeb\u00e4ude auf der Sch\u00f6neberger Parkseite statt.<br>Die Wahl zum Parkbeirat ist vom 24. bis 27. April, im B-Part sowie am 28. April 2020 in der Zollgarage, Columbiadamm 10.<\/p>\n","protected":false},"excerpt":{"rendered":"<p>Bericht vom Plenum\u00dcber vierzig Vereinsmitglieder kamen am 10. Februar zum Plenum, um sich \u00fcber Pl\u00e4ne und Projekte f\u00fcr 2020 zu&#8230;<\/p>\n","protected":false},"author":2,"featured_media":0,"parent":0,"menu_order":0,"comment_status":"closed","ping_status":"closed","template":"","meta":{"_uag_custom_page_level_css":"","iawp_total_views":5,"footnotes":""},"class_list":["post-10002","page","type-page","status-publish","hentry","entry","rows-excerpt"],"uagb_featured_image_src":{"full":false,"thumbnail":false,"medium":false,"medium_large":false,"large":false,"1536x1536":false,"2048x2048":false,"awpcp-thumbnail":false,"awpcp-featured":false,"awpcp-featured-on-lists":false,"awpcp-large":false},"uagb_author_info":{"display_name":"MB","author_link":"https:\/\/moeckernkiez.org\/?author=2"},"uagb_comment_info":0,"uagb_excerpt":"Bericht vom Plenum\u00dcber vierzig Vereinsmitglieder kamen am 10. Februar zum Plenum, um sich \u00fcber Pl\u00e4ne und Projekte f\u00fcr 2020 zu&#8230;","publishpress_future_workflow_manual_trigger":{"enabledWorkflows":[]},"_links":{"self":[{"href":"https:\/\/moeckernkiez.org\/index.php?rest_route=\/wp\/v2\/pages\/10002","targetHints":{"allow":["GET"]}}],"collection":[{"href":"https:\/\/moeckernkiez.org\/index.php?rest_route=\/wp\/v2\/pages"}],"about":[{"href":"https:\/\/moeckernkiez.org\/index.php?rest_route=\/wp\/v2\/types\/page"}],"author":[{"embeddable":true,"href":"https:\/\/moeckernkiez.org\/index.php?rest_route=\/wp\/v2\/users\/2"}],"replies":[{"embeddable":true,"href":"https:\/\/moeckernkiez.org\/index.php?rest_route=%2Fwp%2Fv2%2Fcomments&post=10002"}],"version-history":[{"count":3,"href":"https:\/\/moeckernkiez.org\/index.php?rest_route=\/wp\/v2\/pages\/10002\/revisions"}],"predecessor-version":[{"id":10009,"href":"https:\/\/moeckernkiez.org\/index.php?rest_route=\/wp\/v2\/pages\/10002\/revisions\/10009"}],"wp:attachment":[{"href":"https:\/\/moeckernkiez.org\/index.php?rest_route=%2Fwp%2Fv2%2Fmedia&parent=10002"}],"curies":[{"name":"wp","href":"https:\/\/api.w.org\/{rel}","templated":true}]}}